factor of 154 and 44?
22
Calculate the highest common divisor of 70 and 56.
14
What is the highest common factor of 8729 and 129?
43
Calculate the highest common divisor of 12 and 78.
6
What is the greatest common divisor of 27 and 51?
3
What is the highest common divisor of 3125 and 25?
25
Calculate the highest common divisor of 9 and 207.
9
Calculate the greatest common factor of 16 and 7368.
8
What is the greatest common factor of 70 and 10?
10
Calculate the greatest common factor of 170 and 415.
5
What is the greatest common factor of 121926 and 42?
42
What is the highest common factor of 108 and 3132?
108
What is the greatest common divisor of 36 and 30?
6
Calculate the highest common divisor of 60 and 75.
15
What is the greatest common factor of 34 and 918?
34
What is the greatest common divisor of 115 and 125?
5
Calculate the highest common factor of 2628 and 108.
36
What is the greatest common factor of 31932 and 36?
36
What is the highest common factor of 689 and 53?
53
Calculate the highest common factor of 3441 and 185.
37
What is the highest common divisor of 330 and 5115?
165
Calculate the highest common factor of 27445 and 33.
11
What is the highest common factor of 2483 and 573?
191
Calculate the highest common divisor of 9916 and 67.
67
What is the highest common divisor of 37513 and 161?
161
What is the greatest common factor of 167 and 4?
1
Calculate the highest common divisor of 56 and 88.
8
What is the highest common divisor of 60 and 12?
12
Calculate the highest common divisor of 201 and 48.
3
What is the highest common factor of 14 and 6769?
7
Calculate the greatest common divisor of 1023 and 837.
93
What is the highest common divisor of 4835 and 10?
5
What is the highest common factor of 140 and 665?
35
Calculate the highest common factor of 1976 and 304.
152
Calculate the highest common divisor of 927 and 9.
9
What is the greatest common divisor of 42 and 9534?
42
Calculate the greatest common divisor of 32 and 2.
2
Calculate the greatest common divisor of 30 and 405.
15
Calculate the greatest common factor of 6 and 186.
6
Calculate the highest common factor of 3468 and 54.
6
What is the highest common factor of 2587 and 260?
13
What is the greatest common divisor of 238 and 272?
34
Calculate the highest common factor of 1368 and 36.
36
Calculate the highest common factor of 33327 and 322.
161
What is the highest common divisor of 28766 and 76?
38
Calculate the highest common divisor of 15 and 795.
15
Calculate the highest common divisor of 102 and 34.
34
What is the highest common factor of 176 and 913?
11
Calculate the greatest common divisor of 30 and 21030.
30
Calculate the greatest common factor of 2065 and 70.
35
What is the greatest common divisor of 522 and 58?
58
What is the greatest common divisor of 4710 and 90?
30
Calculate the greatest common factor of 90 and 405.
45
What is the greatest common divisor of 296 and 40?
8
What is the highest common divisor of 426 and 6?
6
What is the highest common factor of 8 and 4376?
8
What is the highest common divisor of 176 and 286?
22
What is the greatest common divisor of 8 and 232?
8
What is the highest common factor of 270 and 10?
10
Calculate the highest common divisor of 442 and 26.
26
Calculate the highest common divisor of 38 and 2109.
19
Calculate the greatest common divisor of 6180 and 2781.
309
What is the highest common divisor of 5 and 5?
5
What is the greatest common divisor of 100 and 1025?
25
What is the highest common divisor of 88 and 1100?
44
What is the highest common divisor of 609 and 231?
21
Calculate the greatest common divisor of 138 and 6.
6
Calculate the greatest common divisor of 15 and 465.
15
What is the highest common factor of 381 and 24511?
127
Calculate the greatest common divisor of 11 and 3531.
11
What is the greatest common factor of 286 and 390?
26
What is the highest common divisor of 47313 and 9?
9
Calculate the greatest common factor of 715 and 13.
13
Calculate the greatest common divisor of 17130 and 330.
30
What is the highest common divisor of 700 and 28?
28
What is the greatest common divisor of 2 and 128?
2
What is the highest common factor of 68 and 4114?
34
Calculate the highest common factor of 171 and 152.
19
What is the greatest common divisor of 731 and 8256?
43
Calculate the highest common divisor of 42 and 552.
6
What is the greatest common divisor of 40 and 130?
10
Calculate the greatest common factor of 56 and 238.
14
Calculate the highest common factor of 1083 and 513.
57
Calculate the greatest common divisor of 440 and 17820.
220
Calculate the highest common divisor of 173 and 7093.
173
What is the highest common divisor of 1312 and 82?
82
What is the greatest common factor of 23 and 4?
1
Calculate the highest common factor of 40 and 3848.
8
Calculate the highest common factor of 48 and 112.
16
Calculate the greatest common factor of 52982 and 118.
118
Calculate the highest common factor of 21 and 336.
21
Calculate the greatest common factor of 96 and 84.
12
Calculate the greatest common factor of 1542 and 18.
6
What is the highest common divisor of 559 and 301?
43
What is the greatest common factor of 385 and 70?
35
What is the highest common factor of 25 and 4975?
25
Calculate the highest common factor of 1144 and 88.
88
What is the greatest common divisor of 5845 and 595?
35
Calculate the highest common factor of 354 and 7198.
118
What is the highest common divisor of 42 and 336?
42
Calculate the greatest common divisor of 700 and 266.
14
What is the greatest common factor of 6 and 22134?
6
Calculate the highest common divisor of 173 and 2.
1
What is the highest common factor of 8840 and 272?
136
What is the greatest common factor of 92 and 27232?
92
Calculate the highest common factor of 54 and 351.
27
What is the highest common divisor of 36 and 162?
18
Calculate the greatest common divisor of 135 and 81.
27
What is the greatest common factor of 316 and 4?
4
What is the greatest common factor of 16 and 5?
1
Calculate the highest common divisor of 126 and 234.
18
Calculate the greatest common factor of 208 and 112.
16
What is the greatest common factor of 85 and 10540?
85
What is the greatest common factor of 3627 and 31?
31
Calculate the greatest common factor of 78 and 1248.
78
Calculate the highest common divisor of 644 and 1150.
46
What is the greatest common factor of 36 and 30?
6
What is the highest common divisor of 1736 and 224?
56
What is the highest common factor of 4216 and 374?
34
What is the highest common divisor of 275 and 775?
25
What is the highest common divisor of 1435 and 35?
35
What is the greatest common divisor of 438 and 300?
6
Calculate the highest common factor of 192 and 1136.
16
What is the highest common factor of 20 and 768?
4
What is the greatest common divisor of 54428 and 44?
44
What is the highest common factor of 99 and 9?
9
Calculate the highest common divisor of 1767 and 186.
93
What is the highest common divisor of 510 and 170?
170
What is the greatest common divisor of 3861 and 693?
99
Calculate the highest common factor of 484 and 220.
44
Calculate the highest common factor of 9027 and 561.
51
Calculate the greatest common divisor of 7 and 2933.
7
Calculate the greatest common divisor of 2 and 219.
1
Calculate the greatest common divisor of 111 and 6.
3
Calculate the highest common divisor of 65 and 1209.
13
What is the highest common divisor of 233 and 1?
1
Calculate the highest common divisor of 24 and 186.
6
What is the highest common divisor of 21 and 33?
3
Calculate the highest common factor of 33 and 8481.
33
What is the highest common factor of 12 and 516?
12
What is the highest common divisor of 1670 and 167?
167
Calculate the highest common factor of 198 and 36.
18
Calculate the greatest common divisor of 808 and 2323.
101
Calculate the highest common divisor of 164 and 392.
4
Calculate the greatest common factor of 64 and 33.
1
What is the highest common divisor of 472 and 244?
4
Calculate the greatest common divisor of 320 and 128.
64
What is the highest common factor of 7304 and 166?
166
What is the highest common factor of 7 and 41?
1
What is the highest common divisor of 532 and 84?
28
What is the highest common factor of 4760 and 3451?
119
What is the